11
Let x(o) = -4*o - 96. Let g be x(-25). Let c(m) = m**3 - 5*m**2 + 6*m + 1. Let a be c(g). What is the greatest common factor of 189 and a?
9
Suppose 5*v = g + 8975, 20*v - 23*v + 5372 = 2*g. What is the highest common factor of v and 552?
138
Let n(d) = d**2 - 29*d + 208. Let f be n(18). Let s be (162/f)/((-26)/(-260)). Calculate the greatest common divisor of s and 189.
27
Let t(k) = k**3 + k**2 - k. Let m be t(4). Suppose -1 = -i, 13*a + 2*i - 40 = 11*a. Suppose a*l - 289 = 72. Calculate the highest common factor of m and l.
19
Let h = -95 - -124. Suppose h*w = 25*w. Suppose w = -5*q + 2*n + 242, 3*q - q - 2*n = 92. What is the greatest common divisor of 550 and q?
50
Suppose -3*h + 15642 = 3*v, 0 = -2*v - 3*v + 4*h + 26124. What is the greatest common divisor of v and 20?
20
Suppose 0 = -4*u + d + 813, 3*d + 586 = 3*u + 7*d. Calculate the highest common divisor of 505 and u.
101
Suppose -9 = 2*v - 19. Suppose -v*m = -0*m + 3*m. Suppose -15 = -m*a + 5*a, 627 = 3*p - 4*a. What is the greatest common factor of 82 and p?
41
Let l(x) = x**3 + 6*x**2 + 4*x + 5. Let m be l(-4). Let q = -1877 + 2024. What is the greatest common factor of q and m?
21
Let u = -9805 - -9843. What is the highest common factor of 9671 and u?
19
Let t = 39 - -17. Let y be (2 + (-2)/(-1))*56. Calculate the highest common factor of y and t.
56
Suppose -4*p + 9*t + 105 = 0, -2293*p + 2288*p + 5*t + 75 = 0. Let c = 147 - 105. Calculate the greatest common factor of p and c.
6
Suppose 4*d - 3*x - 817 = 0, 166*x - 171*x + 25 = 0. What is the greatest common divisor of d and 793?
13
Suppose -5*r - 144 - 171 = s, 0 = 3*s + r + 1001. Let i = 390 + s. Calculate the greatest common divisor of 55 and i.
55
Suppose -428*u - 32 = -424*u. Let n be u/(-6) + (2 - (-16)/6). Calculate the greatest common divisor of n and 69.
3
Suppose 137*a - 71*a - 81*a = -59070. What is the greatest common divisor of 22 and a?
22
Let c be 664 + (-1 - 0) + (-309 - -302). What is the highest common factor of 410 and c?
82
Let j = -6123 + 10191. What is the greatest common factor of 30 and j?
6
Suppose 2*y - 27 + 23 = 0. Suppose y*k - 121 + 87 = 0. Calculate the greatest common divisor of k and 34.
17
Let j = 0 + 0. Suppose j*o + 27 = o. Suppose 2*x - 73 = -3*x + k, -k + 902 = 885. Calculate the greatest common factor of x and o.
9
Let k(b) = 14*b - 22. Let r be k(4). Let s = 769 - 1668. Let g = -627 - s. Calculate the greatest common factor of g and r.
34
Let o(k) = -k**3 + 14*k**2 - 21*k - 21. Let u be o(12). Suppose -17*w + u*w = 8, p - 40 = 4*w. Calculate the greatest common factor of p and 456.
24
Suppose 52*x + 130*x - 74620 = 0. Calculate the highest common divisor of x and 75.
5
Let t(s) = 3*s**2 - 62*s + 3. Let j be t(16). Let z = j + 2321. What is the highest common factor of 30 and z?
30
Let n(h) = -631*h + 17. Let b be n(-1). Let p = 169 - 97. What is the highest common divisor of b and p?
72
Suppose 0 = 5*p - p - 64. Suppose -24*g + 28*g + 32 = -4*x, -5*x + 4*g = -5. Let t be 2 - x - (2 - 21). Calculate the highest common factor of t and p.
8
Let f(d) = 2*d**3 - 17*d**2 - 40*d + 6. Let p be f(11). What is the greatest common factor of 189 and p?
9
Let m(q) = -3247*q + 3246*q + 8 + q**3 - 3*q**2 + 0*q**3. Let j be m(4). What is the greatest common factor of 50 and j?
10
Suppose 769*x = -4*g + 765*x + 64, 0 = 3*g + 4*x - 52. Let z(y) = -6*y - 30. Let s be z(-7). Calculate the highest common factor of g and s.
12
Suppose -q + 26714 - 3464 = 2*k, 5*q = -4*k + 46500. What is the greatest common divisor of k and 93?
93
Let s be -2*(-38)/4 - (-4 - -11). Let t(k) = 5 + 3*k + 8*k**3 - 7*k**3 + 0*k + 3*k - 4*k**2. Let o be t(5). What is the highest common factor of s and o?
12
Suppose -5*p - 51 + 1674 = -2287. What is the greatest common divisor of p and 368?
46
Let v be (-6)/(-22) - (130272/(-88))/6. Calculate the highest common factor of 13 and v.
13
Suppose -3*q + 987 - 57 = 0. Let h = -18609 + 18671. Calculate the greatest common factor of q and h.
62
Suppose 125*l - 126*l + 15 = 0. Suppose 0 = 2*s - 3*x - 150 - 174, -s + 5*x + 155 = 0. What is the greatest common divisor of s and l?
15
Suppose 502*d - 14934 = 9162. Suppose z = -2*z + 18. Suppose -3*o = -4*o + z. Calculate the highest common factor of d and o.
6
Let z be 177 - ((-2)/(-6) - 2)*(18 + -15). Suppose 6*t - 140 = t. What is the highest common factor of z and t?
14
Let u = 3393 + -3380. What is the highest common factor of 767 and u?
13
Suppose y + 5*t = 177, -115*t - 6 = -113*t. What is the greatest common factor of y and 1440?
96
Let n(l) = l**3 - 64*l**2 + 186*l + 105. Let j be n(61). Calculate the highest common factor of 45 and j.
9
Suppose -4*g - 2 - 7 = t, 4*t - 24 = 4*g. Suppose -5*k + 5 = -5, -3*q - t*k - 159 = 0. Let l = q - -56. Calculate the greatest common factor of 9 and l.
1
Let p(m) = -4*m**3 + 44*m**2 + 2*m + 20. Let l be p(11). Let f be 1 + (-39)/3*2. Let a = l + f. What is the highest common divisor of 1 and a?
1
Suppose 2*n + 33 - 27 = 0. Let i be (-27)/(-36)*2/n*-142. What is the greatest common divisor of i and 142?
71
Let s = 4483 + -4451. What is the highest common factor of s and 3632?
16
Suppose -2*g + 15341 = 4291. Calculate the highest common divisor of g and 884.
221
Let j(i) = -i**2 - 2*i + 48. Let t be j(6). Suppose 0 = 3*h - t*h - 258. Calculate the greatest common factor of h and 172.
86
Suppose -570*v - 18 = -579*v. Suppose -118 = -v*h + r - 5*r, 4*h + 4*r = 220. Calculate the highest common divisor of 255 and h.
51
Let x be (4/3)/((-38)/(-513)). Suppose 0 = v + x - 23. Let y = 31 - 6. Calculate the greatest common factor of v and y.
5
Let s be 52*(3345/60 + 8). Calculate the greatest common divisor of s and 85.
85
Let o = -35 + 40. Suppose 2*t + o*p = 60, p - 12 = 4*p. Let n = -20 + t. What is the highest common factor of n and 20?
20
Let x be 7 + (-1 - 9) - (-308)/(-1). Let j = x - -312. What is the highest common divisor of j and 2?
1
Suppose -9 - 11 = -10*x. Let l be (196/(-84))/(x/(-30)). What is the highest common factor of 7 and l?
7
Let a(n) = -6 - 5*n - 7 + 1. Let p be a(-10). Suppose 0 = 3*x - x - p. Calculate the highest common divisor of 133 and x.
19
Let u(q) = 161*q + 4600. Let v be u(-7). What is the highest common factor of 302 and v?
151
Suppose 4*x + 0*q + 38 = -q, -x = -2*q + 14. Let c be (-32 + 2)/(15/x). Let g be (6 + 24/c)/(2/55). Calculate the highest common factor of g and 18.
18
Let o(f) = -f**2 - 392*f - 6979. Let p be o(-19). Suppose i - 4*a = -0*i + 7, a = 2*i - 49. Calculate the highest common divisor of i and p.
27
Let t be (((-31)/(-93))/(4/(-28812)))/(-1 + 0). What is the highest common divisor of t and 21?
7
Let b = 19431 - 19011. What is the greatest common divisor of 1584 and b?
12
Suppose 255 = 5*u - 3330. Suppose 0 = -u*j + 724*j - 63. Calculate the highest common factor of 909 and j.
9
Let f = 3618 + -2500. Suppose -4*j + 3*l + 282 = -3*j, -4*j + 2*l + f = 0. Suppose -5*i + 88 = -67. Calculate the greatest common divisor of i and j.
31
Let o = 1305 + -1253. What is the greatest common divisor of 442 and o?
26
Let f(m) = -m**2 + 25*m + 783. Let l be f(-18). Calculate the highest common factor of l and 72.
9
Let l(k) = 27*k + 2. Let u be l(2). Let g = 387 - 209. Let a = g - 170. Calculate the highest common factor of a and u.
8
Suppose 3*x + 5*a + 126 = 0, -a + 2*a = -5*x - 210. Let t = x + 44. Suppose -t*n + 114 - 30 = 0. Calculate the highest common factor of 28 and n.
14
Suppose -2*l = -198 - 224. Let x be 2/(-4) + (-349)/(-2). Suppose l + x = 5*m. What is the highest common divisor of 7 and m?
7
Let p be (-12)/(-18) - (-4448)/6. What is the highest common divisor of p and 98?
14
Suppose -35 = -19*x + 12*x. Calculate the highest common factor of 1195 and x.
5
Let y be (-6)/33 - (-5684)/44. Let r = y + -65. What is the greatest common divisor of r and 48?
16
Let m be 13*(-4)/(-4) + 18/9. What is the greatest common divisor of m and 8205?
15
Let h(s) = 43*s + 164. Let w be h(-3). Suppose w*r = 209 + 316. What is the highest common factor of r and 6?
3
Let h be (-3292)/(-10) - -2*(-20)/(-50). Calculate the greatest common divisor of h and 550.
110
Suppose 663*l + 34020 = 873*l. What is the greatest common factor of 747 and l?
9
Suppose -p = 5*s - 3*p - 365, 385 = 